at is the remainder when 2436 is divided by 339?
63
Calculate the remainder when 214 is divided by 83.
48
What is the remainder when 781 is divided by 56?
53
Calculate the remainder when 17305 is divided by 8645.
15
What is the remainder when 5684 is divided by 355?
4
What is the remainder when 822 is divided by 102?
6
Calculate the remainder when 221 is divided by 28.
25
What is the remainder when 1734 is divided by 26?
18
What is the remainder when 349 is divided by 60?
49
Calculate the remainder when 17781 is divided by 19.
16
Calculate the remainder when 880 is divided by 123.
19
Calculate the remainder when 370 is divided by 75.
70
Calculate the remainder when 434 is divided by 78.
44
Calculate the remainder when 558 is divided by 141.
135
What is the remainder when 74 is divided by 34?
6
Calculate the remainder when 66 is divided by 4.
2
Calculate the remainder when 24058 is divided by 60.
58
What is the remainder when 320 is divided by 71?
36
What is the remainder when 7 is divided by 5?
2
Calculate the remainder when 219 is divided by 87.
45
What is the remainder when 635 is divided by 64?
59
Calculate the remainder when 1521 is divided by 504.
9
What is the remainder when 401 is divided by 167?
67
Calculate the remainder when 278 is divided by 135.
8
What is the remainder when 2022 is divided by 46?
44
What is the remainder when 1763 is divided by 349?
18
What is the remainder when 420 is divided by 72?
60
Calculate the remainder when 85 is divided by 55.
30
Calculate the remainder when 724 is divided by 66.
64
Calculate the remainder when 4688 is divided by 2344.
0
What is the remainder when 2718 is divided by 80?
78
What is the remainder when 2332 is divided by 75?
7
Calculate the remainder when 401 is divided by 9.
5
Calculate the remainder when 57 is divided by 22.
13
Calculate the remainder when 30 is divided by 16.
14
Calculate the remainder when 564 is divided by 198.
168
What is the remainder when 777 is divided by 375?
27
What is the remainder when 277 is divided by 25?
2
What is the remainder when 109 is divided by 15?
4
What is the remainder when 429 is divided by 12?
9
What is the remainder when 953 is divided by 40?
33
What is the remainder when 138 is divided by 43?
9
Calculate the remainder when 1313 is divided by 316.
49
Calculate the remainder when 1008 is divided by 336.
0
Calculate the remainder when 985 is divided by 58.
57
What is the remainder when 248 is divided by 17?
10
What is the remainder when 85 is divided by 49?
36
Calculate the remainder when 9045 is divided by 29.
26
What is the remainder when 251 is divided by 32?
27
What is the remainder when 83 is divided by 33?
17
What is the remainder when 27860 is divided by 387?
383
What is the remainder when 133 is divided by 2?
1
Calculate the remainder when 252 is divided by 86.
80
Calculate the remainder when 13 is divided by 7.
6
What is the remainder when 112 is divided by 36?
4
What is the remainder when 211 is divided by 29?
8
Calculate the remainder when 3965 is divided by 9.
5
What is the remainder when 1434 is divided by 79?
12
What is the remainder when 9235 is divided by 1538?
7
What is the remainder when 80 is divided by 33?
14
What is the remainder when 118 is divided by 27?
10
Calculate the remainder when 28 is divided by 12.
4
Calculate the remainder when 56 is divided by 15.
11
What is the remainder when 34 is divided by 21?
13
What is the remainder when 1222 is divided by 95?
82
Calculate the remainder when 584 is divided by 151.
131
What is the remainder when 183 is divided by 42?
15
Calculate the remainder when 101 is divided by 5.
1
What is the remainder when 1917 is divided by 388?
365
What is the remainder when 231 is divided by 40?
31
What is the remainder when 656 is divided by 12?
8
What is the remainder when 2440 is divided by 48?
40
What is the remainder when 4246 is divided by 9?
7
Calculate the remainder when 1952 is divided by 245.
237
Calculate the remainder when 218 is divided by 55.
53
What is the remainder when 54 is divided by 22?
10
What is the remainder when 24 is divided by 15?
9
Calculate the remainder when 8619 is divided by 11.
6
Calculate the remainder when 1034 is divided by 51.
14
Calculate the remainder when 14856 is divided by 38.
36
Calculate the remainder when 8150 is divided by 57.
56
What is the remainder when 214 is divided by 43?
42
What is the remainder when 1501 is divided by 251?
246
Calculate the remainder when 205 is divided by 8.
5
Calculate the remainder when 19069 is divided by 298.
295
What is the remainder when 60 is divided by 35?
25
What is the remainder when 233 is divided by 34?
29
What is the remainder when 457 is divided by 46?
43
Calculate the remainder when 622 is divided by 24.
22
Calculate the remainder when 1216 is divided by 293.
44
Calculate the remainder when 501 is divided by 9.
6
What is the remainder when 83 is divided by 7?
6
Calculate the remainder when 556 is divided by 33.
28
What is the remainder when 6664 is divided by 59?
56
Calculate the remainder when 511 is divided by 58.
47
Calculate the remainder when 111 is divided by 106.
5
What is the remainder when 311 is divided by 52?
51
Calculate the remainder when 80 is divided by 26.
2
What is the remainder when 507 is divided by 123?
15
What is the remainder when 299 is divided by 82?
53
Calculate the remainder when 29 is divided by 18.
11
Calculate the remainder when 316 is divided by 125.
66
What is the remainder when 370 is divided by 189?
181
Calculate the remainder when 104 is divided by 15.
14
Calculate the remainder when 1009 is divided by 44.
41
What is the remainder when 172 is divided by 10?
2
What is the remainder when 251 is divided by 7?
6
What is the remainder when 966 is divided by 40?
6
Calculate the remainder when 103 is divided by 21.
19
What is the remainder when 3044 is divided by 254?
250
Calculate the remainder when 3881 is divided by 129.
11
What is the remainder when 165 is divided by 56?
53
Calculate the remainder when 422 is divided by 68.
14
What is the remainder when 30 is divided by 17?
13
Calculate the remainder when 44 is divided by 11.
0
What is the remainder when 94 is divided by 18?
4
Calculate the remainder when 571 is divided by 537.
34
What is the remainder when 221 is divided by 25?
21
What is the remainder when 802 is divided by 209?
175
Calculate the remainder when 1087 is divided by 26.
21
Calculate the remainder when 337 is divided by 13.
12
Calculate the remainder when 37 is divided by 10.
7
Calculate the remainder when 197 is divided by 9.
8
What is the remainder when 14 is divided by 9?
5
What is the remainder when 1727 is divided by 428?
15
Calculate the remainder when 201 is divided by 49.
5
Calculate the remainder when 172 is divided by 39.
16
What is the remainder when 941 is divided by 187?
6
Calculate the remainder when 85 is divided by 23.
16
Calculate the remainder when 4523 is divided by 113.
3
Calculate the remainder when 167 is divided by 24.
23
What is the remainder when 1351 is divided by 186?
49
Calculate the remainder when 545 is divided by 93.
80
What is the remainder when 268 is divided by 45?
43
Calculate the remainder when 1109 is divided by 5.
4
Calculate the remainder when 67 is divided by 6.
1
What is the remainder when 1250 is divided by 5?
0
Calculate the remainder when 44 is divided by 17.
10
Calculate the remainder when 742 is divided by 5.
2
Calculate the remainder when 669 is divided by 75.
69
What is the remainder when 545 is divided by 13?
12
Calculate the remainder when 179 is divided by 17.
9
What is the remainder when 2189 is divided by 718?
35
Calculate the remainder when 248 is divided by 81.
5
What is the remainder when 64 is divided by 25?
14
What is the remainder when 1486 is divided by 119?
58
Calculate the remainder when 3211 is divided by 146.
145
Calculate the remainder when 45 is divided by 3.
0
Calculate the remainder when 193 is divided by 7.
4
Calculate the remainder when 56 is divided by 17.
5
Calculate the remainder when 97 is divided by 21.
13
Calculate the remainder when 876 is divided by 169.
31
What is the remainder when 451 is divided by 38?
33
Calculate the remainder when 137 is divided by 57.
23
Calculate the remainder when 2